{"id":22,"date":"2021-01-31T15:22:01","date_gmt":"2021-01-31T12:22:01","guid":{"rendered":"https:\/\/birtema.com.tr\/enbursa\/gunluk-burc-uyumu\/"},"modified":"2021-01-31T15:22:01","modified_gmt":"2021-01-31T12:22:01","slug":"gunluk-burc-uyumu","status":"publish","type":"page","link":"https:\/\/birtema.com.tr\/enbursa\/gunluk-burc-uyumu\/","title":{"rendered":"G\u00fcnl\u00fck Bur\u00e7 Uyumu"},"content":{"rendered":"","protected":false},"excerpt":{"rendered":"","protected":false},"author":1,"featured_media":0,"parent":0,"menu_order":0,"comment_status":"closed","ping_status":"closed","template":"gunluk-burc-yorumlari.php","meta":{"footnotes":""},"class_list":["post-22","page","type-page","status-publish","hentry"],"_links":{"self":[{"href":"https:\/\/birtema.com.tr\/enbursa\/wp-json\/wp\/v2\/pages\/22","targetHints":{"allow":["GET"]}}],"collection":[{"href":"https:\/\/birtema.com.tr\/enbursa\/wp-json\/wp\/v2\/pages"}],"about":[{"href":"https:\/\/birtema.com.tr\/enbursa\/wp-json\/wp\/v2\/types\/page"}],"author":[{"embeddable":true,"href":"https:\/\/birtema.com.tr\/enbursa\/wp-json\/wp\/v2\/users\/1"}],"replies":[{"embeddable":true,"href":"https:\/\/birtema.com.tr\/enbursa\/wp-json\/wp\/v2\/comments?post=22"}],"version-history":[{"count":0,"href":"https:\/\/birtema.com.tr\/enbursa\/wp-json\/wp\/v2\/pages\/22\/revisions"}],"wp:attachment":[{"href":"https:\/\/birtema.com.tr\/enbursa\/wp-json\/wp\/v2\/media?parent=22"}],"curies":[{"name":"wp","href":"https:\/\/api.w.org\/{rel}","templated":true}]}}