{"id":514,"date":"2022-06-02T13:32:42","date_gmt":"2022-06-02T13:32:42","guid":{"rendered":"https:\/\/birtema.com.tr\/enbursa\/wp-content\/uploads\/2022\/06\/ergun-atalay-yeniden-turk-is-genel-baskani.jpg"},"modified":"2022-06-02T13:32:42","modified_gmt":"2022-06-02T13:32:42","slug":"ergun-atalay-yeniden-turk-is-genel-baskani-2","status":"inherit","type":"attachment","link":"https:\/\/birtema.com.tr\/enbursa\/2019\/12\/09\/dunya-genc-milyarderi-konusuyor-4\/ergun-atalay-yeniden-turk-is-genel-baskani-2\/","title":{"rendered":"Erg\u00fcn Atalay yeniden T\u00fcrk-\u0130\u015f Genel Ba\u015fkan\u0131"},"author":1,"featured_media":0,"comment_status":"open","ping_status":"closed","template":"","meta":[],"class_list":["post-514","attachment","type-attachment","status-inherit","hentry"],"description":{"rendered":"<p class=\"attachment\"><a href='https:\/\/birtema.com.tr\/enbursa\/wp-content\/uploads\/2022\/06\/ergun-atalay-yeniden-turk-is-genel-baskani.jpg'><img loading=\"lazy\" decoding=\"async\" width=\"300\" height=\"170\" src=\"https:\/\/birtema.com.tr\/enbursa\/wp-content\/uploads\/2022\/06\/ergun-atalay-yeniden-turk-is-genel-baskani-300x170.jpg\" class=\"attachment-medium size-medium\" alt=\"\" srcset=\"https:\/\/birtema.com.tr\/enbursa\/wp-content\/uploads\/2022\/06\/ergun-atalay-yeniden-turk-is-genel-baskani-300x170.jpg 300w, https:\/\/birtema.com.tr\/enbursa\/wp-content\/uploads\/2022\/06\/ergun-atalay-yeniden-turk-is-genel-baskani-768x436.jpg 768w, https:\/\/birtema.com.tr\/enbursa\/wp-content\/uploads\/2022\/06\/ergun-atalay-yeniden-turk-is-genel-baskani-740x420.jpg 740w, https:\/\/birtema.com.tr\/enbursa\/wp-content\/uploads\/2022\/06\/ergun-atalay-yeniden-turk-is-genel-baskani.jpg 828w\" sizes=\"auto, (max-width: 300px) 100vw, 300px\" \/><\/a><\/p>\n"},"caption":{"rendered":""},"alt_text":"","media_type":"image","mime_type":"image\/jpeg","media_details":{"width":828,"height":470,"file":"2022\/06\/ergun-atalay-yeniden-turk-is-genel-baskani.jpg","filesize":91081,"sizes":{"medium":{"file":"ergun-atalay-yeniden-turk-is-genel-baskani-300x170.jpg","width":300,"height":170,"filesize":7274,"mime_type":"image\/jpeg","source_url":"https:\/\/birtema.com.tr\/enbursa\/wp-content\/uploads\/2022\/06\/ergun-atalay-yeniden-turk-is-genel-baskani-300x170.jpg"},"thumbnail":{"file":"ergun-atalay-yeniden-turk-is-genel-baskani-150x150.jpg","width":150,"height":150,"filesize":4182,"mime_type":"image\/jpeg","source_url":"https:\/\/birtema.com.tr\/enbursa\/wp-content\/uploads\/2022\/06\/ergun-atalay-yeniden-turk-is-genel-baskani-150x150.jpg"},"medium_large":{"file":"ergun-atalay-yeniden-turk-is-genel-baskani-768x436.jpg","width":768,"height":436,"filesize":34359,"mime_type":"image\/jpeg","source_url":"https:\/\/birtema.com.tr\/enbursa\/wp-content\/uploads\/2022\/06\/ergun-atalay-yeniden-turk-is-genel-baskani-768x436.jpg"},"bt_large":{"file":"ergun-atalay-yeniden-turk-is-genel-baskani-680x350.jpg","width":680,"height":350,"filesize":25744,"mime_type":"image\/jpeg","source_url":"https:\/\/birtema.com.tr\/enbursa\/wp-content\/uploads\/2022\/06\/ergun-atalay-yeniden-turk-is-genel-baskani-680x350.jpg"},"bt_medium":{"file":"ergun-atalay-yeniden-turk-is-genel-baskani-300x229.jpg","width":300,"height":229,"filesize":9713,"mime_type":"image\/jpeg","source_url":"https:\/\/birtema.com.tr\/enbursa\/wp-content\/uploads\/2022\/06\/ergun-atalay-yeniden-turk-is-genel-baskani-300x229.jpg"},"bt_tiny":{"file":"ergun-atalay-yeniden-turk-is-genel-baskani-124x76.jpg","width":124,"height":76,"filesize":2131,"mime_type":"image\/jpeg","source_url":"https:\/\/birtema.com.tr\/enbursa\/wp-content\/uploads\/2022\/06\/ergun-atalay-yeniden-turk-is-genel-baskani-124x76.jpg"},"bt_single":{"file":"ergun-atalay-yeniden-turk-is-genel-baskani-740x420.jpg","width":740,"height":420,"filesize":32421,"mime_type":"image\/jpeg","source_url":"https:\/\/birtema.com.tr\/enbursa\/wp-content\/uploads\/2022\/06\/ergun-atalay-yeniden-turk-is-genel-baskani-740x420.jpg"},"full":{"file":"ergun-atalay-yeniden-turk-is-genel-baskani-740x420.jpg","width":740,"height":420,"mime_type":"image\/jpeg","source_url":"https:\/\/birtema.com.tr\/enbursa\/wp-content\/uploads\/2022\/06\/ergun-atalay-yeniden-turk-is-genel-baskani-740x420.jpg"}},"image_meta":{"aperture":"0","credit":"","camera":"","caption":"","created_timestamp":"0","copyright":"","focal_length":"0","iso":"0","shutter_speed":"0","title":"","orientation":"0","keywords":[]}},"post":513,"source_url":"https:\/\/birtema.com.tr\/enbursa\/wp-content\/uploads\/2022\/06\/ergun-atalay-yeniden-turk-is-genel-baskani.jpg","_links":{"self":[{"href":"https:\/\/birtema.com.tr\/enbursa\/wp-json\/wp\/v2\/media\/514","targetHints":{"allow":["GET"]}}],"collection":[{"href":"https:\/\/birtema.com.tr\/enbursa\/wp-json\/wp\/v2\/media"}],"about":[{"href":"https:\/\/birtema.com.tr\/enbursa\/wp-json\/wp\/v2\/types\/attachment"}],"author":[{"embeddable":true,"href":"https:\/\/birtema.com.tr\/enbursa\/wp-json\/wp\/v2\/users\/1"}],"replies":[{"embeddable":true,"href":"https:\/\/birtema.com.tr\/enbursa\/wp-json\/wp\/v2\/comments?post=514"}],"wp:attached-to":[{"embeddable":true,"post_type":"post","id":513,"href":"https:\/\/birtema.com.tr\/enbursa\/wp-json\/wp\/v2\/posts\/513"}],"curies":[{"name":"wp","href":"https:\/\/api.w.org\/{rel}","templated":true}]}}

Ergün Atalay yeniden Türk-İş Genel Başkanı
